 digit of 4676890089?
8
What is the ten thousands digit of 185219186?
1
What is the ten millions digit of 209994741?
0
What is the hundreds digit of 575196323?
3
What is the millions digit of 6069505210?
9
What is the tens digit of 74411306?
0
What is the hundred millions digit of 226096344?
2
What is the hundreds digit of 250076973?
9
What is the millions digit of 2559011063?
9
What is the hundreds digit of 369217819?
8
What is the tens digit of 668841964?
6
What is the hundred millions digit of 2079504240?
0
What is the hundred thousands digit of 189503056?
5
What is the thousands digit of 59078770?
8
What is the tens digit of 4973721969?
6
What is the units digit of 60629676?
6
What is the hundreds digit of 583768945?
9
What is the billions digit of 3017292629?
3
What is the ten millions digit of 78069568?
7
What is the hundred millions digit of 712178265?
7
What is the thousands digit of 711205207?
5
What is the hundred millions digit of 5762152272?
7
What is the thousands digit of 603765690?
5
What is the units digit of 639393265?
5
What is the tens digit of 6244800719?
1
What is the units digit of 141808283?
3
What is the hundred thousands digit of 218019885?
0
What is the tens digit of 37642394?
9
What is the thousands digit of 144016918?
6
What is the ten thousands digit of 343353190?
5
What is the ten millions digit of 648094578?
4
What is the ten millions digit of 173780739?
7
What is the hundreds digit of 6424419119?
1
What is the ten millions digit of 36021567?
3
What is the units digit of 121437241?
1
What is the ten millions digit of 16491320?
1
What is the units digit of 40365348?
8
What is the millions digit of 429189377?
9
What is the millions digit of 53416613?
3
What is the hundred millions digit of 245329095?
2
What is the millions digit of 219035289?
9
What is the ten thousands digit of 2280696773?
9
What is the ten thousands digit of 570675753?
7
What is the hundred thousands digit of 113404333?
4
What is the millions digit of 614431645?
4
What is the hundreds digit of 2147670731?
7
What is the millions digit of 228988585?
8
What is the millions digit of 700990690?
0
What is the hundred thousands digit of 1679356276?
3
What is the thousands digit of 984315940?
5
What is the hundreds digit of 90059591?
5
What is the ten thousands digit of 745540861?
4
What is the tens digit of 1093343288?
8
What is the ten thousands digit of 571871962?
7
What is the tens digit of 737808308?
0
What is the hundreds digit of 49694356?
3
What is the thousands digit of 94795517?
5
What is the tens digit of 317671614?
1
What is the thousands digit of 173581554?
1
What is the tens digit of 4989240080?
8
What is the thousands digit of 65598460?
8
What is the ten millions digit of 31121067?
3
What is the ten millions digit of 8905757463?
0
What is the tens digit of 143357149?
4
What is the tens digit of 48525948?
4
What is the units digit of 46277978?
8
What is the units digit of 46472887?
7
What is the thousands digit of 134887391?
7
What is the ten thousands digit of 22208133?
0
What is the thousands digit of 52073703?
3
What is the tens digit of 659276450?
5
What is the hundred thousands digit of 58758195?
7
What is the millions digit of 761043508?
1
What is the thousands digit of 814013175?
3
What is the hundred thousands digit of 129884591?
8
What is the ten thousands digit of 299336438?
3
What is the thousands digit of 103739770?
9
What is the thousands digit of 754088945?
8
What is the units digit of 2037327133?
3
What is the tens digit of 371817751?
5
What is the hundred thousands digit of 2412318284?
3
What is the hundred thousands digit of 57001179?
0
What is the units digit of 998669987?
7
What is the units digit of 1997256170?
0
What is the hundred millions digit of 229395450?
2
What is the hundred millions digit of 776197198?
7
What is the millions digit of 214592720?
4
What is the hundred millions digit of 151559311?
1
What is the hundred millions digit of 2891885204?
8
What is the tens digit of 192903102?
0
What is the thousands digit of 494707478?
7
What is the millions digit of 110297212?
0
What is the hundred millions digit of 1082880232?
0
What is the units digit of 1121792692?
2
What is the thousands digit of 113182296?
2
What is the ten millions digit of 6946711492?
4
What is the ten thousands digit of 65536497?
3
What is the billions digit of 1226763343?
1
What is the hundred thousands digit of 161063533?
0
What is the ten millions digit of 41718382?
4
What is the ten thousands digit of 1052510829?
1
What is the hundred thousands digit of 191613497?
6
What is the ten thousands digit of 342374205?
7
What is the hundreds digit of 752770152?
1
What is the ten millions digit of 1397007758?
9
What is the hundred millions digit of 450023223?
4
What is the tens digit of 360958250?
5
What is the ten thousands digit of 403520148?
2
What is the tens digit of 657265677?
7
What is the hundreds digit of 155089424?
4
What is the millions digit of 730985677?
0
What is the hundreds digit of 5166779836?
8
What is the hundred millions digit of 109401328?
1
What is the millions digit of 28811101?
8
What is the hundred thousands digit of 112492557?
4
What is the ten thousands digit of 264493248?
9
What is the ten thousands digit of 616923738?
2
What is the ten thousands digit of 62822968?
2
What is the tens digit of 1000731061?
6
What is the millions digit of 655444175?
5
What is the hundred thousands digit of 352356748?
3
What is the tens digit of 4531137611?
1
What is the millions digit of 166731449?
6
What is the units digit of 954366628?
8
What is the hundreds digit of 1195456207?
2
What is the ten thousands digit of 1708636550?
3
What is the hundred thousands digit of 1015295801?
2
What is the hundred thousands digit of 66255913?
2
What is the hundreds digit of 70211142?
1
What is the units digit of 117655837?
7
What is the millions digit of 218290323?
8
What is the millions digit of 145694084?
5
What is the millions digit of 732732117?
2
What is the ten millions digit of 632323479?
3
What is the thousands digit of 126097996?
7
What is the ten millions digit of 31092684?
3
What is the units digit of 122874129?
9
What is the millions digit of 596101892?
6
What is the units digit of 92780106?
6
What is the tens digit of 99963180?
8
What is the hundred thousands digit of 3921273?
9
What is the units digit of 131419075?
5
What is the tens digit of 274234835?
3
What is the hundred thousands digit of 17912472?
9
What is the ten millions digit of 7591216218?
9
What is the millions digit of 6080659624?
0
What is the units digit of 2727225223?
3
What is the ten thousands digit of 5948912455?
1
What is the hundred millions digit of 529712300?
5
What is the units digit of 367236649?
9
What is the ten millions digit of 109011754?
0
What is the tens digit of 241692682?
8
What is the ten millions digit of 33003655?
3
What is the billions digit of 1144425150?
1
What is the hundreds digit of 20273810?
8
What is the hundred thousands digit of 34421293?
4
What is the units digit of 16738028?
8
What is the thousands digit of 21645056?
5
What is the hundred millions digit of 450905733?
4
What is the tens digit of 429873004?
0
What is the thousands digit of 711755514?
5
What is the millions digit of 49449713?
9
What is the units digit of 4902655034?
4
What is the tens digit of 334558431?
3
What is the thousands digit of 20496031?
6
What is the ten millions digit of 12227205?
1
What is the tens digit of 17878300?
0
What is the hundred millions digit of 175043969?
1
What is the hundred thousands digit of 98094135?
0
What is the units digit of 1757840310?
0
What is the tens digit of 9553514?
1
What is the ten thousands digit of 9548492?
4
What is the thousands digit of 674636930?
6
What is the thousands digit of 1500615460?
5
What is the ten thousands digit of 78268423?
6
What is the units digit of 122598160?
0
What is the thousands digit of 188472475?
2
What is the ten thousands digit of 299239167?
3
What is the ten millions digit of 527991498?
2
What is the hundred thousands digit of 26013376?
0
What is the hundreds digit of 47099076?
0
What is the units digit of 3742574210?
0
What is the tens digit of 2615418213?
1
What is the units digit of 263818953?
3
Wh